l. What is the tens digit of d?
3
Let z(n) = -n**3 + n**2 + 4*n - 2. Let s be z(2). Suppose -s*c + 1990 = 220. What is the tens digit of c?
8
Let w(j) = 181*j**2 - 43*j + 12. Let v be w(16). What is the hundreds digit of 1 + (-33)/21 - v/(-84)?
5
Let f = 468 - 111. Suppose -4*a + 4*j + f + 499 = 0, 884 = 4*a + 3*j. What is the tens digit of a?
1
Let i be 29/(-4) + (-2)/(-8). Let a = -5 - i. Suppose -a*y = 3*y - 260. What is the units digit of y?
2
Let g be ((-50)/60)/(2/(-12)). Suppose y - s = 3*y - 731, -5 = g*s. What is the hundreds digit of y?
3
Let n(x) = 26*x**2 - 7*x**2 - 18*x**2 - x. Let r(q) = 8*q**2 - 34*q + 34. Let g(j) = 6*n(j) - r(j). What is the tens digit of g(10)?
4
Let p(i) = -22*i + 220. Suppose 31*z - 37*z - 222 = 0. What is the thousands digit of p(z)?
1
Let q(i) = 3*i + 11. Let d be q(6). Suppose -33*n + 488 = -d*n. What is the units digit of n?
2
Let g(z) = z**2 - 4*z - 28. Let f be g(9). Let k = -15 + f. What is the tens digit of -2 + (-1 - (k + -5 + -93))?
9
Let z be (1 - (-5)/(-2)) + (-49)/(-14). Suppose -4 = -4*m + z*m, -4*f + 4*m - 48 = 0. What is the units digit of (-3036)/(-30) - (-2)/f?
1
Let g(f) = f**3 - f - 1. Let y(h) = -4*h**3 - 22*h**2 - 13*h - 34. Let l(v) = 5*g(v) + y(v). What is the units digit of l(23)?
6
Suppose -11*t + 4316 = 5*i - 12*t, i = 2*t + 865. Suppose 5679 = 14*o + i. What is the hundreds digit of o?
3
Let v = 33048 - 332. What is the thousands digit of v?
2
What is the thousands digit of (-526371)/(-63) - 498/5229?
8
Let g be 182/9 - (-2)/(-9). Suppose j - 4*n = -16, 0 = -3*j + 2*n - 0*n - 28. What is the units digit of (-2390)/(-25) - j/g?
6
What is the hundreds digit of 7692/((-3 + -6)/9*(0 + -1))?
6
Let c = 10759 + 3983. What is the tens digit of c?
4
Suppose -2*c + c = 3*q - 1450, -3*q + c = -1442. Let u = q - 269. What is the tens digit of u?
1
What is the ten thousands digit of (-8)/36 - (-4445012)/171?
2
Let s be 13/(-3 + 4) - 0. Let b(q) = -2*q**3 + 27*q**2 + 13*q + 18. What is the hundreds digit of b(s)?
3
Let u(m) be the third derivative of m**6/120 - m**5/30 + m**4/6 - m**3/6 - 11*m**2. Let o be u(3). What is the units digit of (-390)/o*(-16)/3?
4
Let l = 174 + -174. Suppose -8*w + 14*w - 2448 = l. What is the units digit of w?
8
Let s = -350 + 491. Let j = -117 + 58. Let t = s + j. What is the tens digit of t?
8
Let z be (-104)/(-14)*(-35)/(-10). Suppose 26 = -z*s + 28*s. Suppose 9*k = s*k - 92. What is the units digit of k?
3
What is the tens digit of 0 + 0 + 6689 - 51/(-17)?
9
Let b(u) = -9898*u - 2182. What is the hundreds digit of b(-7)?
1
Suppose -674 = 5*w + 918 - 32437. What is the hundreds digit of w?
1
What is the tens digit of 6/(-30)*(-28)/(-7) + (-1818272)/(-40)?
5
Let b(w) = -551 + 23*w**2 + 548 - w + 5*w**2 - w. What is the units digit of b(3)?
3
Suppose 3*j + 2 - 6 = -r, 2*r - 30 = 5*j. Suppose 0 = 7*w - r*w + 2655. What is the units digit of w?
5
Let g(s) = 39*s**2 + 288*s - 738. What is the tens digit of g(40)?
8
Suppose -3168*v + 235065 = -3164*v - 3*s, -3*s = -15. What is the ten thousands digit of v?
5
Let k be (0 - 1)*-13*3. Suppose 0 = -3*h - 0*h - 3*y - k, -h = 3*y + 23. What is the units digit of (-4 - h)*-1 + 23?
9
Let a be 9 - (-27)/45*5. Suppose 3*b = -5*r + 380, -5*b - 13*r + 604 = -a*r. What is the tens digit of b?
2
Suppose 297*g = 304*g - 335580. What is the units digit of g?
0
Suppose 5*p - 15 - 25 = 0. Suppose 0*d + p = 2*d. Suppose 2*u + 106 = d*u. What is the units digit of u?
3
Let a(k) = -k**2 + k + 5628. What is the units digit of a(0)?
8
Let x = -55321 - -84840. What is the thousands digit of x?
9
Suppose -5*h = -2597 - 1203. Let x = h + -522. What is the hundreds digit of x?
2
Let y(k) = 22*k - 66 - 33*k - 30*k. What is the units digit of y(-7)?
1
Let t = -714 - -42. What is the units digit of 4 + ((-3)/3 - t/2)?
9
Suppose 0 = 107*y - 131*y + 637128. What is the thousands digit of y?
6
Suppose 31 - 46 = -3*f, 0 = -2*j - f - 983. Let p = j - -1226. What is the hundreds digit of p?
7
Let j(r) = -85*r - 362. What is the tens digit of j(-11)?
7
Let c(v) = -5*v + 700. What is the hundreds digit of c(-20)?
8
Let u be 16 - 13 - (-1845)/(-1). What is the hundreds digit of (u/24)/((-1)/4)?
3
Let r = 8240 + 6432. What is the tens digit of r?
7
Suppose -p - 267 = -270. Suppose 2*t - t = 2*a + 2029, -p*t - a + 6059 = 0. What is the tens digit of t?
2
Let s(m) = m**3 - 8*m**2 + 4. Suppose i + 3*i - 32 = 0. Let v be s(i). Suppose -v*y + 39 = -n + 2*n, 0 = 5*n - 3*y - 80. What is the units digit of n?
9
Let n(d) = -5*d + 20. Let o be (-13)/((-2)/(-5)*50/20). Let r = o - -7. What is the units digit of n(r)?
0
Suppose -13555 - 235294 = -19*y - 10*y. What is the hundreds digit of y?
5
Let u(p) = p**2 - 26*p - 8. Let h be u(12). Let r = h - -497. What is the hundreds digit of r?
3
Let g(w) = 22*w**2 + 11*w - 137. Suppose -43 = -4*y - 15. What is the thousands digit of g(y)?
1
Suppose 18 = 4*v + 4*k + 14, -2*v + 2*k = -10. Suppose 5*f - 2*z - 839 = -v*z, 2*z + 2 = 0. What is the units digit of f?
8
Let d(z) = -19*z**3 - 12*z**2 - 44*z - 334. What is the units digit of d(-11)?
7
Let v(x) = -x**3 - 3*x**2 + 2*x. Let m be v(-3). Suppose -560 = 4*h - 6*h. What is the tens digit of ((-36)/30)/(m/h)?
5
Suppose r = -3*r + a + 9, 3*r - 8 = 2*a. Let j = r - 14. What is the tens digit of j/(-18) + 15/(-18)*-28?
2
Suppose 3*p = -21*q + 20*q + 59220, 4*p - 5*q - 78960 = 0. What is the tens digit of p?
4
Suppose 4*n - 371902 = -5*s, 156*n - 4*s = 154*n + 185964. What is the ten thousands digit of n?
9
What is the units digit of (2/12)/((-51)/(-4269890)) - (-4)/36?
4
Let r = 10427 + -251. What is the units digit of r?
6
Let t(q) = -96*q**3 + q**2 - q. Let x be (-2)/(-3)*(-6)/4. Let n be t(x). Suppose 2*c = n + 6. What is the units digit of c?
2
Suppose -5*u + 1046 = 3*x, -49 + 480 = 2*u - 3*x. Let n = u + 130. What is the units digit of n?
1
Suppose 2*r = 4*m + 18, 29*r + 5*m = 33*r - 45. What is the hundreds digit of 2188*(r/(-40))/((-9)/6)?
5
Let y(j) = -11*j**3 + 5*j**2 + 4*j + 3. Let p be y(-3). Let x = p + 748. What is the hundreds digit of x?
0
Let t(v) = 8*v + 9. Let k be t(15). Let j = k + -111. What is the tens digit of j?
1
Suppose 28*j = 1475089 - 217021. What is the units digit of j?
1
What is the tens digit of (269526/6 - 11/1) + -6?
0
Let w = -495 - -650. Suppose -w*y = -167*y + 4116. What is the hundreds digit of y?
3
What is the tens digit of (-5)/40*-2*36/9*199?
9
Suppose -7671357 = -77*m - 100*m. What is the ten thousands digit of m?
4
Let f = 593 + -593. Suppose -2*o - 4*j = -f*o - 2352, 4*o + 3*j - 4684 = 0. What is the tens digit of o?
6
Suppose -10*j = -13*j - 5*i + 4561, 5*i - 6083 = -4*j. Let b = j + -1063. What is the units digit of b?
9
Let u = -1754 - -2823. What is the thousands digit of u?
1
Let p be 3*(6/39 - 812968/507). Let h = -3332 - p. What is the tens digit of h?
7
Let a = -19 - -19. Suppose a = -34*b + 29*b + 405. What is the units digit of b?
1
Let s be (-10)/4 - (63/14)/9. Let y = 6 + s. What is the units digit of y*2/(-12)*(-117 - 1)?
9
Let v(o) = -21*o - 11. Let y be v(-4). Suppose 14 = -s + y. Let h = s + 7. What is the tens digit of h?
6
Suppose -6*d + 8358 = -4*d - 6*h, 5*d - 2*h - 20869 = 0. What is the units digit of d?
3
Let b = 73 - 71. Let a be 37 - ((-2)/6)/((-1)/(-9)). What is the units digit of ((-312)/a)/(b/(-20))?
8
Let o = 479 - 475. Suppose 0 = -o*k - 550 + 4350. What is the tens digit of k?
5
Let m be ((-1407)/(-42))/(1 - 2/4). Suppose m*j - 65*j = 1194. What is the tens digit of j?
9
What is the units digit of (22 - 24 - -3) + 56631?
2
Let f = 80 - 75. Suppose 2*b + 238 + 232 = i, -f*i + 2*b = -2374. What is the units digit of i?
6
Let i(v) = -v - 1. Let x(p) = p**3 + 8*p**2 + 8*p - 15. Let m(j) = i(j) - x(j). Suppose 0 = 3*n - 8*n + q - 37, -1 = -n + 3*q. What is the units digit of m(n)?
6
Let l = 13327 + -8703. What is the units digit of l?
4
Suppose 3*l + 2 = -z + 2*l, 4*l + 2 = 2*z. Let v(i) = 119*i**2 + 3*i + 2. What is the units digit of v(z)?
8
Let p(z) = z - 2. Let i(g) = 80*g + 80. Let m(d) = i(d) - 4*p(d). What is the units digit of m(4)?
2
Suppose -d - 6*l - 25 = -2*l, 2*l - 15 = 5*d. Let w(b) = 24*b + 7 + 26*b + 3*b**2 - 37*b. What is the units digit of w(d)?
7
Let w(q) = -7*q + 96. Let o be w(13). Sup